{"id":3350,"date":"2021-08-17T13:46:20","date_gmt":"2021-08-17T16:46:20","guid":{"rendered":"https:\/\/mundocriart.com.br\/?post_type=product&#038;p=3350"},"modified":"2023-02-02T17:11:59","modified_gmt":"2023-02-02T20:11:59","slug":"pacote-completo","status":"publish","type":"product","link":"https:\/\/mundocriart.com.br\/index.php\/product\/pacote-completo\/","title":{"rendered":"Pacote Ouro"},"content":{"rendered":"<p><strong>Pacote ouro<\/strong><\/p>\n<p><strong><em>Como funciona:<\/em><\/strong><\/p>\n<p>Realizando a compra deste pacote e o pagamento sendo aprovado, em at\u00e9 48h \u00fateis o atendente do whatsApp vai lhe enviar uma mensagem, salve o comprovante da compra para apresentar a ele. Apresentando o comprovante iremos dar in\u00edcio ao seu projeto, come\u00e7aremos enviando um briefing para saber o que voc\u00ea deseja no seu logo, como o nome, as cores, o desenho, as inspira\u00e7\u00f5es que voc\u00ea tenha e a partir da\u00ed iremos criar as pr\u00e9vias.<\/p>\n<p><em><strong>O que \u00e9 briefing?<\/strong><\/em><\/p>\n<p>\u00c9 um question\u00e1rio onde voc\u00ea vai colocar informa\u00e7\u00f5es como: nome da marca, prefer\u00eancia de cores, elementos, p\u00fablico alvo, produtos, anexo de refer\u00eancias, entre outros. \u00c9 \u00e1 partir das respostas do briefing que vamos ter o embasamento para criar o seu projeto. Portanto quanto mais informa\u00e7\u00f5es, melhor. Tamb\u00e9m n\u00e3o aceitaremos altera\u00e7\u00f5es nas respostas ap\u00f3s o envio da pr\u00e9via para aprova\u00e7\u00e3o.<\/p>\n<p><em><strong>O que est\u00e1 incluso neste Pacote?<\/strong><\/em><\/p>\n<ul>\n<li>Cria\u00e7\u00e3o do Logotipo: \u00c9 a imagem que representa a empresa, produto, neg\u00f3cio, vai em todos os seus materiais gr\u00e1ficos, pode ser chamada de assinatura visual.<\/li>\n<li>Submarca: \u00c9 uma vers\u00e3o reduzida e circular do logotipo principal<\/li>\n<li>Marca d\u2019\u00e1gua: \u00c9 a sua logotipo principal e submarca sem o fundo<br \/>\npara serem aplicadas sobre suas fotos, ou seja, \u00e9 a o png sem fundo<\/li>\n<li>Paleta de cor: S\u00e3o as cores que usaremos para criarmos sua logo.<br \/>\nVem o c\u00f3digo da cor, caso o cliente queira usa-lo em algum outro lugar<\/li>\n<li>Tipografia: Nome das fontes usadas para a cria\u00e7\u00e3o da sua identidade visual<\/li>\n<\/ul>\n<p><strong>Posso fazer altera\u00e7\u00e3o?<\/strong><\/p>\n<p><em>Sim! Na entrega da pr\u00e9via de logo \u00e9 permitido fazer at\u00e9 3 pedidos de altera\u00e7\u00f5es gratuitas, e n\u00e3o \u00e9 permitido fazer uma nova pr\u00e9via.<\/em><\/p>\n<p><em>Caso queira mais altera\u00e7\u00f5es, \u00e9 cobrado 40,00 a cada pedido de mudan\u00e7a.<\/em><\/p>\n<p><strong>Qual \u00e9 o prazo?<\/strong><\/p>\n<p>Prazo para entrega das pr\u00e9vias: 10 dias \u00fateis<\/p>\n<p><strong>Contamos a partir do momento em que o briefing \u00e9 respondido.<\/strong><\/p>\n<p>&nbsp;<\/p>\n","protected":false},"excerpt":{"rendered":"<p>Pacote ouro Como funciona: Realizando a compra deste pacote e o pagamento sendo aprovado, em at\u00e9 48h \u00fateis o atendente do whatsApp vai lhe enviar uma mensagem, salve o comprovante da compra para apresentar a ele. Apresentando o comprovante iremos dar in\u00edcio ao seu projeto, come\u00e7aremos enviando um briefing para saber o que voc\u00ea deseja [&hellip;]<\/p>\n","protected":false},"featured_media":3353,"comment_status":"open","ping_status":"closed","template":"","meta":{"site-sidebar-layout":"default","site-content-layout":"default","ast-site-content-layout":"","site-content-style":"default","site-sidebar-style":"default","ast-global-header-display":"","ast-banner-title-visibility":"","ast-main-header-display":"","ast-hfb-above-header-display":"","ast-hfb-below-header-display":"","ast-hfb-mobile-header-display":"","site-post-title":"","ast-breadcrumbs-content":"","ast-featured-img":"","footer-sml-layout":"","theme-transparent-header-meta":"default","adv-header-id-meta":"","stick-header-meta":"","header-above-stick-meta":"","header-main-stick-meta":"","header-below-stick-meta":"","astra-migrate-meta-layouts":"default","ast-page-background-enabled":"default","ast-page-background-meta":{"desktop":{"background-color":"","background-image":"","background-repeat":"repeat","background-position":"center center","background-size":"auto","background-attachment":"scroll","background-type":"","background-media":"","overlay-type":"","overlay-color":"","overlay-gradient":""},"tablet":{"background-color":"","background-image":"","background-repeat":"repeat","background-position":"center center","background-size":"auto","background-attachment":"scroll","background-type":"","background-media":"","overlay-type":"","overlay-color":"","overlay-gradient":""},"mobile":{"background-color":"","background-image":"","background-repeat":"repeat","background-position":"center center","background-size":"auto","background-attachment":"scroll","background-type":"","background-media":"","overlay-type":"","overlay-color":"","overlay-gradient":""}},"ast-content-background-meta":{"desktop":{"background-color":"var(--ast-global-color-5)","background-image":"","background-repeat":"repeat","background-position":"center center","background-size":"auto","background-attachment":"scroll","background-type":"","background-media":"","overlay-type":"","overlay-color":"","overlay-gradient":""},"tablet":{"background-color":"var(--ast-global-color-5)","background-image":"","background-repeat":"repeat","background-position":"center center","background-size":"auto","background-attachment":"scroll","background-type":"","background-media":"","overlay-type":"","overlay-color":"","overlay-gradient":""},"mobile":{"background-color":"var(--ast-global-color-5)","background-image":"","background-repeat":"repeat","background-position":"center center","background-size":"auto","background-attachment":"scroll","background-type":"","background-media":"","overlay-type":"","overlay-color":"","overlay-gradient":""}}},"product_cat":[64],"product_tag":[65],"_links":{"self":[{"href":"https:\/\/mundocriart.com.br\/index.php\/wp-json\/wp\/v2\/product\/3350"}],"collection":[{"href":"https:\/\/mundocriart.com.br\/index.php\/wp-json\/wp\/v2\/product"}],"about":[{"href":"https:\/\/mundocriart.com.br\/index.php\/wp-json\/wp\/v2\/types\/product"}],"replies":[{"embeddable":true,"href":"https:\/\/mundocriart.com.br\/index.php\/wp-json\/wp\/v2\/comments?post=3350"}],"version-history":[{"count":3,"href":"https:\/\/mundocriart.com.br\/index.php\/wp-json\/wp\/v2\/product\/3350\/revisions"}],"predecessor-version":[{"id":3891,"href":"https:\/\/mundocriart.com.br\/index.php\/wp-json\/wp\/v2\/product\/3350\/revisions\/3891"}],"wp:featuredmedia":[{"embeddable":true,"href":"https:\/\/mundocriart.com.br\/index.php\/wp-json\/wp\/v2\/media\/3353"}],"wp:attachment":[{"href":"https:\/\/mundocriart.com.br\/index.php\/wp-json\/wp\/v2\/media?parent=3350"}],"wp:term":[{"taxonomy":"product_cat","embeddable":true,"href":"https:\/\/mundocriart.com.br\/index.php\/wp-json\/wp\/v2\/product_cat?post=3350"},{"taxonomy":"product_tag","embeddable":true,"href":"https:\/\/mundocriart.com.br\/index.php\/wp-json\/wp\/v2\/product_tag?post=3350"}],"curies":[{"name":"wp","href":"https:\/\/api.w.org\/{rel}","templated":true}]}}